{"id":1726,"date":"2017-11-10T12:53:36","date_gmt":"2017-11-10T11:53:36","guid":{"rendered":"http:\/\/anexph.pl\/?page_id=1726"},"modified":"2017-11-10T12:59:58","modified_gmt":"2017-11-10T11:59:58","slug":"przepisnik-4","status":"publish","type":"page","link":"http:\/\/anexph.pl\/index.php\/przepisnik-4\/","title":{"rendered":"Przepi\u015bnik 4"},"content":{"rendered":"<p>[et_pb_section admin_label=&#8221;section&#8221;][et_pb_row admin_label=&#8221;row&#8221; make_fullwidth=&#8221;off&#8221; use_custom_width=&#8221;off&#8221; width_unit=&#8221;on&#8221; use_custom_gutter=&#8221;off&#8221; allow_player_pause=&#8221;off&#8221; parallax=&#8221;off&#8221; parallax_method=&#8221;off&#8221; make_equal=&#8221;off&#8221; parallax_1=&#8221;off&#8221; parallax_method_1=&#8221;off&#8221;][et_pb_column type=&#8221;4_4&#8243;][et_pb_text admin_label=&#8221;przepi\u015bnik&#8221; background_layout=&#8221;light&#8221; text_orientation=&#8221;left&#8221; text_font=&#8221;Cherry Cream Soda|||on|&#8221; text_font_size=&#8221;42&#8243; text_text_color=&#8221;#fa7518&#8243; use_border_color=&#8221;off&#8221; border_color=&#8221;#ffffff&#8221; border_style=&#8221;solid&#8221;]<\/p>\n<p style=\"text-align: center;\">PRZEPI\u015aNIK\u00a0<img loading=\"lazy\" class=\" wp-image-190 alignnone\" src=\"http:\/\/serwer1421977.home.pl\/marzec17\/mgstudio\/wp-content\/uploads\/2017\/03\/przepisnik.png\" alt=\"\" width=\"125\" height=\"125\" \/><\/p>\n<p>[\/et_pb_text][et_pb_divider admin_label=&#8221;Separator&#8221; color=&#8221;#000000&#8243; show_divider=&#8221;on&#8221; height=&#8221;2&#8243; divider_style=&#8221;solid&#8221; divider_position=&#8221;top&#8221; hide_on_mobile=&#8221;on&#8221;] [\/et_pb_divider][\/et_pb_column][\/et_pb_row][et_pb_row admin_label=&#8221;Wiersz&#8221;][et_pb_column type=&#8221;1_3&#8243;][et_pb_image admin_label=&#8221;herbatak porzeczkowa foto&#8221; src=&#8221;http:\/\/anexph.pl\/wp-content\/uploads\/2017\/03\/DSC01533.jpg&#8221; show_in_lightbox=&#8221;off&#8221; url_new_window=&#8221;off&#8221; use_overlay=&#8221;off&#8221; animation=&#8221;left&#8221; sticky=&#8221;off&#8221; align=&#8221;left&#8221; force_fullwidth=&#8221;off&#8221; always_center_on_mobile=&#8221;on&#8221; use_border_color=&#8221;off&#8221; border_color=&#8221;#ffffff&#8221; border_style=&#8221;solid&#8221;] [\/et_pb_image][\/et_pb_column][et_pb_column type=&#8221;2_3&#8243;][et_pb_text admin_label=&#8221;herbatka porzeczkowa&#8221; background_layout=&#8221;light&#8221; text_orientation=&#8221;left&#8221; use_border_color=&#8221;off&#8221; border_color=&#8221;#ffffff&#8221; border_style=&#8221;solid&#8221;]<\/p>\n<h4><span style=\"color: #0000ff;\"><strong>HERBATKA PORZECZKOWA<\/strong><\/span><\/h4>\n<p>&nbsp;<\/p>\n<ul>\n<li><span style=\"color: #808080;\">SYROP KLONOWY<\/span><\/li>\n<li><span style=\"color: #808080;\">SYROP CZARNA PORZECZKA<\/span><\/li>\n<li><span style=\"color: #808080;\">CZARNA HERBATA<\/span><\/li>\n<li><span style=\"color: #808080;\">&#8230;<\/span><\/li>\n<\/ul>\n<p><span style=\"color: #808080;\">DO DEKORACJI MO\u017bNA U\u017bY\u0106 \u017bURAWIN\u0118 SUSZON\u0104, \u015aWIE\u017bY IMBIR, LASK\u0118 CYNAMONU I PLASTER POMARA\u0143CZY.<\/span><\/p>\n<p><span style=\"color: #808080;\">SMACZNEGO!<\/span><\/p>\n<p>[\/et_pb_text][\/et_pb_column][\/et_pb_row][et_pb_row admin_label=&#8221;Wiersz&#8221;][et_pb_column type=&#8221;2_3&#8243;][et_pb_text admin_label=&#8221;Tekst&#8221; background_layout=&#8221;light&#8221; text_orientation=&#8221;left&#8221; use_border_color=&#8221;off&#8221; border_color=&#8221;#ffffff&#8221; border_style=&#8221;solid&#8221;]<\/p>\n<h4><strong><span style=\"color: #800000;\">GRZANIEC<\/span><\/strong><\/h4>\n<ul>\n<li><span style=\"color: #808080;\">SYROP MANGO SPICY<\/span><\/li>\n<li><span style=\"color: #808080;\">SYROP CHAI TEA HERBATA<\/span><\/li>\n<li><span style=\"color: #808080;\">WINO GRZANE<\/span><\/li>\n<li><span style=\"color: #808080;\">&#8230;<\/span><\/li>\n<\/ul>\n<p><span style=\"color: #808080;\">SMACZNEGO!<\/span><\/p>\n<p>[\/et_pb_text][\/et_pb_column][et_pb_column type=&#8221;1_3&#8243;][et_pb_image admin_label=&#8221;wino foto&#8221; src=&#8221;http:\/\/anexph.pl\/wp-content\/uploads\/2017\/03\/DSC01635.jpg&#8221; show_in_lightbox=&#8221;off&#8221; url_new_window=&#8221;off&#8221; use_overlay=&#8221;off&#8221; animation=&#8221;left&#8221; sticky=&#8221;off&#8221; align=&#8221;left&#8221; force_fullwidth=&#8221;off&#8221; always_center_on_mobile=&#8221;on&#8221; use_border_color=&#8221;off&#8221; border_color=&#8221;#ffffff&#8221; border_style=&#8221;solid&#8221;] [\/et_pb_image][\/et_pb_column][\/et_pb_row][et_pb_row admin_label=&#8221;Wiersz&#8221;][et_pb_column type=&#8221;1_3&#8243;][et_pb_image admin_label=&#8221;herbatka z ginem foto&#8221; src=&#8221;http:\/\/anexph.pl\/wp-content\/uploads\/2017\/03\/DSC01567.jpg&#8221; show_in_lightbox=&#8221;off&#8221; url_new_window=&#8221;off&#8221; use_overlay=&#8221;off&#8221; animation=&#8221;left&#8221; sticky=&#8221;off&#8221; align=&#8221;left&#8221; force_fullwidth=&#8221;off&#8221; always_center_on_mobile=&#8221;on&#8221; use_border_color=&#8221;off&#8221; border_color=&#8221;#ffffff&#8221; border_style=&#8221;solid&#8221;] [\/et_pb_image][\/et_pb_column][et_pb_column type=&#8221;2_3&#8243;][et_pb_text admin_label=&#8221;Tekst&#8221; background_layout=&#8221;light&#8221; text_orientation=&#8221;left&#8221; use_border_color=&#8221;off&#8221; border_color=&#8221;#ffffff&#8221; border_style=&#8221;solid&#8221;]<\/p>\n<h4><span style=\"color: #3366ff;\"><strong>HERBATA Z GINEM<\/strong><\/span><\/h4>\n<ul>\n<li><span style=\"color: #808080;\">SYROP ROKITNIK <\/span><\/li>\n<li><span style=\"color: #808080;\">SYROP Z KWIATU CZARNEGO BZU<\/span><\/li>\n<li><span style=\"color: #808080;\">GIN<\/span><\/li>\n<li><span style=\"color: #808080;\">CZARNA HERBATA<\/span><\/li>\n<li><span style=\"color: #808080;\">&#8230;<\/span><\/li>\n<\/ul>\n<p><span style=\"color: #808080;\">UDEKOROWA\u0106 PLASTREM POMARA\u0143CZY I GA\u0141\u0104ZK\u0104 ROZMARYNU.<\/span><\/p>\n<p><span style=\"color: #808080;\">SMACZNEGO!<\/span><\/p>\n<p>[\/et_pb_text][\/et_pb_column][\/et_pb_row][et_pb_row admin_label=&#8221;Wiersz&#8221;][et_pb_column type=&#8221;1_3&#8243;][et_pb_text admin_label=&#8221;gor\u0105ca czekolada&#8221; background_layout=&#8221;light&#8221; text_orientation=&#8221;left&#8221; use_border_color=&#8221;off&#8221; border_color=&#8221;#ffffff&#8221; border_style=&#8221;solid&#8221;]<\/p>\n<h4 style=\"text-align: left;\"><strong><span style=\"color: #993300;\">GOR\u0104CA CZEKOLADA<\/span><\/strong><\/h4>\n<ul style=\"text-align: left;\">\n<li><span style=\"color: #000000;\">CZEKOLADA\u00a0<\/span><\/li>\n<li><span style=\"color: #000000;\">SYROP KLONOWY<\/span><\/li>\n<li><span style=\"color: #000000;\">PUREE WI\u015aNIA<\/span><\/li>\n<li><span style=\"color: #000000;\">&#8230;<\/span><\/li>\n<\/ul>\n<p style=\"text-align: left;\"><span style=\"color: #000000;\">SMACZNEGO!<\/span><\/p>\n<p>[\/et_pb_text][\/et_pb_column][et_pb_column type=&#8221;1_3&#8243;][et_pb_text admin_label=&#8221;czerwona herbatka&#8221; background_layout=&#8221;light&#8221; text_orientation=&#8221;left&#8221; use_border_color=&#8221;off&#8221; border_color=&#8221;#ffffff&#8221; border_style=&#8221;solid&#8221;]<\/p>\n<h4><strong><span style=\"color: #ff0000;\">CZERWONA HERBATKA<\/span><\/strong><\/h4>\n<ul>\n<li><span style=\"color: #000000;\">SYROP IMBIR<\/span><\/li>\n<li><span style=\"color: #000000;\">PUREE CZERWONE OWOCE<\/span><\/li>\n<li><span style=\"color: #000000;\">GOR\u0104CA HERBATA<\/span><\/li>\n<li><span style=\"color: #000000;\">&#8230;<\/span><\/li>\n<\/ul>\n<p><span style=\"color: #000000;\">SMACZNEGO!<\/span><\/p>\n<p>&nbsp;<\/p>\n<p>[\/et_pb_text][\/et_pb_column][et_pb_column type=&#8221;1_3&#8243;][et_pb_text admin_label=&#8221;jesienna kawa&#8221; background_layout=&#8221;light&#8221; text_orientation=&#8221;left&#8221; use_border_color=&#8221;off&#8221; border_color=&#8221;#ffffff&#8221; border_style=&#8221;solid&#8221;]<\/p>\n<h4><strong><span style=\"color: #993366;\">JESIENNA KAWA<\/span><\/strong><\/h4>\n<ul>\n<li><span style=\"color: #000000;\">SYROP WINTER PICE <\/span><\/li>\n<li><span style=\"color: #000000;\">ESPRESSO<\/span><\/li>\n<li><span style=\"color: #000000;\">SPIENIONE MLEKO<\/span><\/li>\n<li><span style=\"color: #000000;\">&#8230;<\/span><\/li>\n<\/ul>\n<p><span style=\"color: #000000;\">SMACZNEGO!<\/span><\/p>\n<p>[\/et_pb_text][\/et_pb_column][\/et_pb_row][et_pb_row admin_label=&#8221;Wiersz&#8221;][et_pb_column type=&#8221;2_3&#8243;][et_pb_text admin_label=&#8221;piwo maracuja&#8221; background_layout=&#8221;light&#8221; text_orientation=&#8221;left&#8221; use_border_color=&#8221;off&#8221; border_color=&#8221;#ffffff&#8221; border_style=&#8221;solid&#8221;]<\/p>\n<h4><strong><span style=\"color: #008000;\">PIWO SMAKOWE<\/span><\/strong><\/h4>\n<ul>\n<li><span style=\"color: #000000;\">PUREE MARACUJA<\/span><\/li>\n<li><span style=\"color: #000000;\">SYROP MOJITO MINT<\/span><\/li>\n<li><span style=\"color: #000000;\">LEMONIADA <\/span><\/li>\n<li><span style=\"color: #000000;\">PIWO <\/span><\/li>\n<li><span style=\"color: #000000;\">L\u00d3D<\/span><\/li>\n<li><span style=\"color: #000000;\">&#8230;<\/span><\/li>\n<\/ul>\n<p><span style=\"color: #000000;\">DO DEKORACJI U\u017bY\u0106 PLASTER POMARA\u0143CZY, LISTEK MI\u0118TY , GA\u0141\u0104ZK\u0118 ROZMARYNU&#8230;.<\/span><\/p>\n<p><span style=\"color: #000000;\">SMACZNEGO!<\/span><\/p>\n<p>[\/et_pb_text][\/et_pb_column][et_pb_column type=&#8221;1_3&#8243;][et_pb_image admin_label=&#8221;piwo maracuja foto&#8221; src=&#8221;http:\/\/anexph.pl\/wp-content\/uploads\/2017\/03\/DSC01611.jpg&#8221; show_in_lightbox=&#8221;off&#8221; url_new_window=&#8221;off&#8221; use_overlay=&#8221;off&#8221; animation=&#8221;left&#8221; sticky=&#8221;off&#8221; align=&#8221;left&#8221; force_fullwidth=&#8221;off&#8221; always_center_on_mobile=&#8221;on&#8221; use_border_color=&#8221;off&#8221; border_color=&#8221;#ffffff&#8221; border_style=&#8221;solid&#8221;] [\/et_pb_image][\/et_pb_column][\/et_pb_row][et_pb_row admin_label=&#8221;Wiersz&#8221;][et_pb_column type=&#8221;1_3&#8243;][et_pb_image admin_label=&#8221;kawa dyniowa foto&#8221; src=&#8221;http:\/\/anexph.pl\/wp-content\/uploads\/2017\/03\/DSC01558.jpg&#8221; show_in_lightbox=&#8221;off&#8221; url_new_window=&#8221;off&#8221; use_overlay=&#8221;off&#8221; animation=&#8221;left&#8221; sticky=&#8221;off&#8221; align=&#8221;left&#8221; force_fullwidth=&#8221;off&#8221; always_center_on_mobile=&#8221;on&#8221; use_border_color=&#8221;off&#8221; border_color=&#8221;#ffffff&#8221; border_style=&#8221;solid&#8221;] [\/et_pb_image][\/et_pb_column][et_pb_column type=&#8221;2_3&#8243;][et_pb_text admin_label=&#8221;kawa dyniowa&#8221; background_layout=&#8221;light&#8221; text_orientation=&#8221;left&#8221; use_border_color=&#8221;off&#8221; border_color=&#8221;#ffffff&#8221; border_style=&#8221;solid&#8221;]<\/p>\n<h4><strong><span style=\"color: #ff6600;\">DYNIOWA KAWA<\/span> <\/strong><\/h4>\n<ul>\n<li><span style=\"color: #000000;\">SYROP PIERNIK<\/span><\/li>\n<li><span style=\"color: #000000;\">SYROP DYNIA<\/span><\/li>\n<li><span style=\"color: #000000;\">KAWA CZARNA<\/span><\/li>\n<li><span style=\"color: #000000;\">&#8230;<\/span><\/li>\n<\/ul>\n<p><span style=\"color: #000000;\">SMACZNEGO!<\/span><\/p>\n<p>[\/et_pb_text][\/et_pb_column][\/et_pb_row][et_pb_row admin_label=&#8221;Wiersz&#8221;][et_pb_column type=&#8221;2_3&#8243;][et_pb_text admin_label=&#8221;mirabelka&#8221; background_layout=&#8221;light&#8221; text_orientation=&#8221;left&#8221; use_border_color=&#8221;off&#8221; border_color=&#8221;#ffffff&#8221; border_style=&#8221;solid&#8221;]<\/p>\n<h4><strong><span style=\"color: #993366;\">MIRABELKA<\/span><\/strong><\/h4>\n<ul>\n<li><span style=\"color: #000000;\">SYROP MIRABELKA<\/span><\/li>\n<li><span style=\"color: #000000;\">SYROP SPICY MANGO<\/span><\/li>\n<li><span style=\"color: #000000;\">SYROP CLOUDY LEMONADE\u00a0<\/span><\/li>\n<li><span style=\"color: #000000;\">WODA<\/span><\/li>\n<li><span style=\"color: #000000;\">L\u00d3D<\/span><\/li>\n<li><span style=\"color: #000000;\">&#8230;<\/span><\/li>\n<\/ul>\n<p><span style=\"color: #000000;\">DO DEKORACJI MO\u017bEMY U\u017bY\u0106 PAPRYCZKI CHILI. <\/span><\/p>\n<p><span style=\"color: #000000;\">SMACZNEGO!<\/span><\/p>\n<p>[\/et_pb_text][\/et_pb_column][et_pb_column type=&#8221;1_3&#8243;][et_pb_image admin_label=&#8221;mirabelka foto&#8221; src=&#8221;http:\/\/anexph.pl\/wp-content\/uploads\/2017\/03\/DSC01508.jpg&#8221; show_in_lightbox=&#8221;off&#8221; url_new_window=&#8221;off&#8221; use_overlay=&#8221;off&#8221; animation=&#8221;left&#8221; sticky=&#8221;off&#8221; align=&#8221;left&#8221; force_fullwidth=&#8221;off&#8221; always_center_on_mobile=&#8221;on&#8221; use_border_color=&#8221;off&#8221; border_color=&#8221;#ffffff&#8221; border_style=&#8221;solid&#8221;] [\/et_pb_image][\/et_pb_column][\/et_pb_row][et_pb_row admin_label=&#8221;Wiersz&#8221;][et_pb_column type=&#8221;1_3&#8243;][et_pb_text admin_label=&#8221;lemoniady&#8221; background_layout=&#8221;light&#8221; text_orientation=&#8221;left&#8221; use_border_color=&#8221;off&#8221; border_color=&#8221;#ffffff&#8221; border_style=&#8221;solid&#8221;]<\/p>\n<h4><strong><span style=\"color: #800080;\">LEMONIADA JAGODOWA<\/span><\/strong><\/h4>\n<ul>\n<li><span style=\"color: #000000;\">SYROP MOJITO MINT<\/span><\/li>\n<li><span style=\"color: #000000;\">PUREE JAGODA<\/span><\/li>\n<li><span style=\"color: #000000;\">SYROP CLOUDY LEMONADE<\/span><\/li>\n<li><span style=\"color: #000000;\">WODA<\/span><\/li>\n<li><span style=\"color: #000000;\">L\u00d3D<\/span><\/li>\n<li>&#8230;.<\/li>\n<\/ul>\n<p><span style=\"color: #000000;\">WSZYSTKIE SK\u0141ADNIKI PO\u0141\u0104CZY\u0106, UDEKOROWA\u0106. MO\u017bNA DODA\u0106 RUM,\u00a0 A WTEDY UZYSKAMY WERSJ\u0118 ALKOHOLOW\u0104.<\/span><\/p>\n<p><span style=\"color: #000000;\">SMACZNEGO!<\/span><\/p>\n<p>&nbsp;<\/p>\n<p>[\/et_pb_text][\/et_pb_column][et_pb_column type=&#8221;1_3&#8243;][et_pb_image admin_label=&#8221;lemoniady foto&#8221; src=&#8221;http:\/\/anexph.pl\/wp-content\/uploads\/2017\/03\/DSC01534.jpg&#8221; show_in_lightbox=&#8221;off&#8221; url_new_window=&#8221;off&#8221; use_overlay=&#8221;off&#8221; animation=&#8221;left&#8221; sticky=&#8221;off&#8221; align=&#8221;left&#8221; force_fullwidth=&#8221;off&#8221; always_center_on_mobile=&#8221;on&#8221; use_border_color=&#8221;off&#8221; border_color=&#8221;#ffffff&#8221; border_style=&#8221;solid&#8221;] [\/et_pb_image][\/et_pb_column][et_pb_column type=&#8221;1_3&#8243;][et_pb_text admin_label=&#8221;lemoniady&#8221; background_layout=&#8221;light&#8221; text_orientation=&#8221;left&#8221; use_border_color=&#8221;off&#8221; border_color=&#8221;#ffffff&#8221; border_style=&#8221;solid&#8221;]<\/p>\n<h3><strong><span style=\"color: #cc99ff;\">LEMONIADKA<\/span><\/strong><\/h3>\n<ul>\n<li><span style=\"color: #000000;\">SYROP\u00a0 CLOUDY LEMONADE<\/span><\/li>\n<li><span style=\"color: #000000;\">SYROP ORANGE SPRITZ<\/span><\/li>\n<li><span style=\"color: #000000;\">WODA<\/span><\/li>\n<li><span style=\"color: #000000;\">L\u00d3D<\/span><\/li>\n<li><span style=\"color: #000000;\">&#8230;<\/span><\/li>\n<\/ul>\n<p><span style=\"color: #000000;\">UDEKOROWA\u0106 PLASTREM POMARA\u0143CZY.<\/span><\/p>\n<p><span style=\"color: #000000;\">SMACZNEGO!<\/span><\/p>\n<p>[\/et_pb_text][\/et_pb_column][\/et_pb_row][et_pb_row admin_label=&#8221;Wiersz&#8221;][et_pb_column type=&#8221;1_3&#8243;][et_pb_image admin_label=&#8221;wino grzane foto&#8221; src=&#8221;http:\/\/anexph.pl\/wp-content\/uploads\/2017\/03\/DSC01631.jpg&#8221; show_in_lightbox=&#8221;off&#8221; url_new_window=&#8221;off&#8221; use_overlay=&#8221;off&#8221; animation=&#8221;left&#8221; sticky=&#8221;off&#8221; align=&#8221;left&#8221; force_fullwidth=&#8221;off&#8221; always_center_on_mobile=&#8221;on&#8221; use_border_color=&#8221;off&#8221; border_color=&#8221;#ffffff&#8221; border_style=&#8221;solid&#8221;] [\/et_pb_image][\/et_pb_column][et_pb_column type=&#8221;2_3&#8243;][et_pb_text admin_label=&#8221;wino grzane&#8221; background_layout=&#8221;light&#8221; text_orientation=&#8221;left&#8221; use_border_color=&#8221;off&#8221; border_color=&#8221;#ffffff&#8221; border_style=&#8221;solid&#8221;]<\/p>\n<h3><strong><span style=\"color: #ff6600;\">Z POMARA\u0143CZ\u0104<\/span><\/strong><\/h3>\n<ul>\n<li><span style=\"color: #000000;\">CZERWONE WYTRAWNE WINO<\/span><\/li>\n<li><span style=\"color: #000000;\">SYROP FALERNUM TIKI<\/span><\/li>\n<li><span style=\"color: #000000;\">SYROP CZERWONA POMARA\u0143CZA<\/span><\/li>\n<li><span style=\"color: #000000;\">&#8230;<\/span><\/li>\n<\/ul>\n<p><span style=\"color: #000000;\">DO PODGRZANEGO WINA DODA\u0106 SYROP, DELIKATNIE WYMIESZA\u0106, DEKOROWA\u0106 PLASTREM POMARA\u0143CZY.<\/span><\/p>\n<p><span style=\"color: #000000;\">SMACZNEGO!<\/span><\/p>\n<p>[\/et_pb_text][\/et_pb_column][\/et_pb_row][et_pb_row admin_label=&#8221;Wiersz&#8221;][et_pb_column type=&#8221;2_3&#8243;][et_pb_text admin_label=&#8221;poziomkowa kawa&#8221; background_layout=&#8221;light&#8221; text_orientation=&#8221;left&#8221; use_border_color=&#8221;off&#8221; border_color=&#8221;#ffffff&#8221; border_style=&#8221;solid&#8221;]<\/p>\n<h3><strong><span style=\"color: #ff0000;\">POZIOMKOWA KAWA<\/span><\/strong><\/h3>\n<ul>\n<li><span style=\"color: #000000;\">SYROP POZIOMKOWY<\/span><\/li>\n<li><span style=\"color: #000000;\">SOS S\u0141ONY KARMEL<\/span><\/li>\n<li><span style=\"color: #000000;\">ESPRESSO<\/span><\/li>\n<li><span style=\"color: #000000;\">MLEKO<\/span><\/li>\n<li><span style=\"color: #000000;\">&#8230;<\/span><\/li>\n<\/ul>\n<p><span style=\"color: #000000;\">UDEKORUJ KAW\u0118\u00a0 PISAKAMI KARMELOWYM I KAKAOWYM. MO\u017bNA PODAWA\u0106 NA ZIMNO I NA GOR\u0104CO.<\/span><\/p>\n<p><span style=\"color: #000000;\">SMACZNEGO!<\/span><\/p>\n<p>[\/et_pb_text][\/et_pb_column][et_pb_column type=&#8221;1_3&#8243;][et_pb_image admin_label=&#8221;poziomkowa kawa foto&#8221; src=&#8221;http:\/\/anexph.pl\/wp-content\/uploads\/2017\/03\/DSC01663.jpg&#8221; show_in_lightbox=&#8221;off&#8221; url_new_window=&#8221;off&#8221; use_overlay=&#8221;off&#8221; animation=&#8221;left&#8221; sticky=&#8221;off&#8221; align=&#8221;left&#8221; force_fullwidth=&#8221;off&#8221; always_center_on_mobile=&#8221;on&#8221; use_border_color=&#8221;off&#8221; border_color=&#8221;#ffffff&#8221; border_style=&#8221;solid&#8221;] [\/et_pb_image][\/et_pb_column][\/et_pb_row][\/et_pb_section][et_pb_section admin_label=&#8221;Sekcja&#8221; fullwidth=&#8221;off&#8221; specialty=&#8221;off&#8221;][et_pb_row admin_label=&#8221;Wiersz&#8221;][et_pb_column type=&#8221;1_2&#8243;][et_pb_button admin_label=&#8221;Przycisk&#8221; button_url=&#8221;http:\/\/anexph.pl\/index.php\/przepisnik-3\/&#8221; url_new_window=&#8221;off&#8221; button_text=&#8221;Poprzednie&#8221; button_alignment=&#8221;left&#8221; background_layout=&#8221;light&#8221; custom_button=&#8221;off&#8221; button_letter_spacing=&#8221;0&#8243; button_use_icon=&#8221;default&#8221; button_icon_placement=&#8221;right&#8221; button_on_hover=&#8221;on&#8221; button_letter_spacing_hover=&#8221;0&#8243;] [\/et_pb_button][\/et_pb_column][et_pb_column type=&#8221;1_2&#8243;][et_pb_button admin_label=&#8221;Przycisk&#8221; button_url=&#8221;http:\/\/anexph.pl\/index.php\/przepisnik-5\/&#8221; url_new_window=&#8221;off&#8221; button_text=&#8221;Nast\u0119pne&#8221; button_alignment=&#8221;right&#8221; background_layout=&#8221;light&#8221; custom_button=&#8221;off&#8221; button_letter_spacing=&#8221;0&#8243; button_use_icon=&#8221;default&#8221; button_icon_placement=&#8221;right&#8221; button_on_hover=&#8221;on&#8221; button_letter_spacing_hover=&#8221;0&#8243;] [\/et_pb_button][\/et_pb_column][\/et_pb_row][\/et_pb_section]<\/p>\n","protected":false},"excerpt":{"rendered":"<p>[et_pb_section admin_label=&#8221;section&#8221;][et_pb_row admin_label=&#8221;row&#8221; make_fullwidth=&#8221;off&#8221; use_custom_width=&#8221;off&#8221; width_unit=&#8221;on&#8221; use_custom_gutter=&#8221;off&#8221; allow_player_pause=&#8221;off&#8221; parallax=&#8221;off&#8221; parallax_method=&#8221;off&#8221; make_equal=&#8221;off&#8221; parallax_1=&#8221;off&#8221; parallax_method_1=&#8221;off&#8221;][et_pb_column type=&#8221;4_4&#8243;][et_pb_text admin_label=&#8221;przepi\u015bnik&#8221; background_layout=&#8221;light&#8221; text_orientation=&#8221;left&#8221; text_font=&#8221;Cherry Cream Soda|||on|&#8221; text_font_size=&#8221;42&#8243; text_text_color=&#8221;#fa7518&#8243; use_border_color=&#8221;off&#8221; border_color=&#8221;#ffffff&#8221; border_style=&#8221;solid&#8221;] PRZEPI\u015aNIK\u00a0 [\/et_pb_text][et_pb_divider admin_label=&#8221;Separator&#8221; color=&#8221;#000000&#8243; show_divider=&#8221;on&#8221; height=&#8221;2&#8243; divider_style=&#8221;solid&#8221; divider_position=&#8221;top&#8221; hide_on_mobile=&#8221;on&#8221;] [\/et_pb_divider][\/et_pb_column][\/et_pb_row][et_pb_row admin_label=&#8221;Wiersz&#8221;][et_pb_column type=&#8221;1_3&#8243;][et_pb_image admin_label=&#8221;herbatak porzeczkowa foto&#8221; src=&#8221;http:\/\/anexph.pl\/wp-content\/uploads\/2017\/03\/DSC01533.jpg&#8221; show_in_lightbox=&#8221;off&#8221; url_new_window=&#8221;off&#8221; use_overlay=&#8221;off&#8221; animation=&#8221;left&#8221; sticky=&#8221;off&#8221; align=&#8221;left&#8221; force_fullwidth=&#8221;off&#8221; always_center_on_mobile=&#8221;on&#8221; use_border_color=&#8221;off&#8221; border_color=&#8221;#ffffff&#8221; border_style=&#8221;solid&#8221;] [\/et_pb_image][\/et_pb_column][et_pb_column type=&#8221;2_3&#8243;][et_pb_text admin_label=&#8221;herbatka [&hellip;]<\/p>\n","protected":false},"author":1,"featured_media":0,"parent":0,"menu_order":0,"comment_status":"closed","ping_status":"closed","template":"","meta":[],"_links":{"self":[{"href":"http:\/\/anexph.pl\/index.php\/wp-json\/wp\/v2\/pages\/1726"}],"collection":[{"href":"http:\/\/anexph.pl\/index.php\/wp-json\/wp\/v2\/pages"}],"about":[{"href":"http:\/\/anexph.pl\/index.php\/wp-json\/wp\/v2\/types\/page"}],"author":[{"embeddable":true,"href":"http:\/\/anexph.pl\/index.php\/wp-json\/wp\/v2\/users\/1"}],"replies":[{"embeddable":true,"href":"http:\/\/anexph.pl\/index.php\/wp-json\/wp\/v2\/comments?post=1726"}],"version-history":[{"count":3,"href":"http:\/\/anexph.pl\/index.php\/wp-json\/wp\/v2\/pages\/1726\/revisions"}],"predecessor-version":[{"id":1735,"href":"http:\/\/anexph.pl\/index.php\/wp-json\/wp\/v2\/pages\/1726\/revisions\/1735"}],"wp:attachment":[{"href":"http:\/\/anexph.pl\/index.php\/wp-json\/wp\/v2\/media?parent=1726"}],"curies":[{"name":"wp","href":"https:\/\/api.w.org\/{rel}","templated":true}]}}